{"id":54,"date":"2022-12-29T00:02:12","date_gmt":"2022-12-29T03:02:12","guid":{"rendered":"https:\/\/agropecuariadoreino.com.br\/?page_id=54"},"modified":"2023-01-05T08:36:10","modified_gmt":"2023-01-05T11:36:10","slug":"quem-somos","status":"publish","type":"page","link":"https:\/\/agropecuariadoreino.com.br\/?page_id=54","title":{"rendered":"Assessoria Rural"},"content":{"rendered":"<p style=\"text-align: center;\"><em><strong>Assessoria e Consultoria Rural.<\/strong><\/em><\/p>\n<p style=\"text-align: center;\"><img loading=\"lazy\" decoding=\"async\" class=\"wp-image-101 alignleft\" style=\"color: var(--global--color-primary); font-family: var(--global--font-secondary); font-size: var(--global--font-size-base);\" src=\"https:\/\/agropecuariadoreino.com.br\/wp-content\/uploads\/2023\/01\/Screenshot_20200109-151254_Twitter-300x166.jpg\" alt=\"\" width=\"171\" height=\"95\" srcset=\"https:\/\/agropecuariadoreino.com.br\/wp-content\/uploads\/2023\/01\/Screenshot_20200109-151254_Twitter-300x166.jpg 300w, https:\/\/agropecuariadoreino.com.br\/wp-content\/uploads\/2023\/01\/Screenshot_20200109-151254_Twitter-768x426.jpg 768w, https:\/\/agropecuariadoreino.com.br\/wp-content\/uploads\/2023\/01\/Screenshot_20200109-151254_Twitter.jpg 811w\" sizes=\"auto, (max-width: 171px) 100vw, 171px\" \/>\u00a0 \u00a0<img loading=\"lazy\" decoding=\"async\" class=\"alignnone wp-image-102 alignleft\" src=\"https:\/\/agropecuariadoreino.com.br\/wp-content\/uploads\/2023\/01\/Screenshot_20200203-162551_Instagram-300x271.jpg\" alt=\"\" width=\"119\" height=\"108\" srcset=\"https:\/\/agropecuariadoreino.com.br\/wp-content\/uploads\/2023\/01\/Screenshot_20200203-162551_Instagram-300x271.jpg 300w, https:\/\/agropecuariadoreino.com.br\/wp-content\/uploads\/2023\/01\/Screenshot_20200203-162551_Instagram-768x694.jpg 768w, https:\/\/agropecuariadoreino.com.br\/wp-content\/uploads\/2023\/01\/Screenshot_20200203-162551_Instagram.jpg 981w\" sizes=\"auto, (max-width: 119px) 100vw, 119px\" \/><img loading=\"lazy\" decoding=\"async\" class=\"wp-image-47 alignleft\" src=\"https:\/\/agropecuariadoreino.com.br\/wp-content\/uploads\/2022\/12\/WhatsApp-Image-2018-07-13-at-14.27.09-1-300x205.jpeg\" alt=\"\" width=\"141\" height=\"96\" srcset=\"https:\/\/agropecuariadoreino.com.br\/wp-content\/uploads\/2022\/12\/WhatsApp-Image-2018-07-13-at-14.27.09-1-300x205.jpeg 300w, https:\/\/agropecuariadoreino.com.br\/wp-content\/uploads\/2022\/12\/WhatsApp-Image-2018-07-13-at-14.27.09-1-1030x702.jpeg 1030w, https:\/\/agropecuariadoreino.com.br\/wp-content\/uploads\/2022\/12\/WhatsApp-Image-2018-07-13-at-14.27.09-1-768x524.jpeg 768w, https:\/\/agropecuariadoreino.com.br\/wp-content\/uploads\/2022\/12\/WhatsApp-Image-2018-07-13-at-14.27.09-1.jpeg 1100w\" sizes=\"auto, (max-width: 141px) 100vw, 141px\" \/><\/p>\n<p>&nbsp;<\/p>\n<p>&nbsp;<\/p>\n<p><span style=\"background-color: var(--global--color-background); color: var(--global--color-primary); font-family: var(--global--font-secondary); font-size: var(--global--font-size-base);\">\u00c1reas rurais para cria\u00e7\u00e3o, cultivo, lazer ou investimento s\u00e3o as especialidades de nossa empresa.<\/span><\/p>\n<p>Com conhecimento multidisciplinar,\u00a0 aponta vantagens e benef\u00edcios para a comercializa\u00e7\u00e3o de propriedades rurais. Avalia, analisa o potencial produtivo da terra, quantifica e qualifica os recursos naturais existentes, a localiza\u00e7\u00e3o, o entorno. Tudo para assegurar negocia\u00e7\u00f5es de compra, venda ou arrendamento baseadas na real aptid\u00e3o da propriedade comercializada.<\/p>\n<p>Atenta \u00e0s tend\u00eancias do mercado de terras, atua com foco em rentabilidade e valoriza\u00e7\u00e3o da propriedade.<\/p>\n<p>Respaldada na legisla\u00e7\u00e3o vigente e nas t\u00e9cnicas mais modernas de manejo agr\u00edcola e pecu\u00e1ria, para o uso sustent\u00e1vel da \u00e1gua e do solo, n\u00f3s orientamos para a ado\u00e7\u00e3o de mecanismos de conserva\u00e7\u00e3o e prote\u00e7\u00e3o da natureza, cada vez mais valorizados pelo mercado.<\/p>\n<p>Esclarece e indica, inclusive, as efetivas possibilidades para o desenvolvimento e a explora\u00e7\u00e3o de projetos de pagamento por servi\u00e7os ambientais, como os chamados &#8220;cr\u00e9ditos de carbono&#8221;, advindos da captura de carbono das \u00e1rvores plantadas para a reestrutura\u00e7\u00e3o de \u00e1reas degradadas.<\/p>\n<p>Oferece consultoria especializada voltada \u00e0s melhores pr\u00e1ticas em produ\u00e7\u00e3o rural.<\/p>\n<p>Total transpar\u00eancia e indica\u00e7\u00f5es assertivas e confi\u00e1veis s\u00e3o garantias dadas a seus clientes em todo o territ\u00f3rio nacional.<\/p>\n<p>Para adquirir a propriedade que melhor atende \u00e0s suas expectativas ou para melhorar processos produtivos, consulte nossa empresa.<\/p>\n","protected":false},"excerpt":{"rendered":"<p>Assessoria e Consultoria Rural. \u00a0 \u00a0 &nbsp; &nbsp; \u00c1reas rurais para cria\u00e7\u00e3o, cultivo, lazer ou investimento s\u00e3o as especialidades de nossa empresa. Com conhecimento multidisciplinar,\u00a0 aponta vantagens e benef\u00edcios para a comercializa\u00e7\u00e3o de propriedades rurais. Avalia, analisa o potencial produtivo da terra, quantifica e qualifica os recursos naturais existentes, a localiza\u00e7\u00e3o, o entorno. Tudo para &hellip; <\/p>\n<p class=\"link-more\"><a href=\"https:\/\/agropecuariadoreino.com.br\/?page_id=54\" class=\"more-link\">Continue lendo<span class=\"screen-reader-text\"> &#8220;Assessoria Rural&#8221;<\/span><\/a><\/p>\n","protected":false},"author":1,"featured_media":0,"parent":0,"menu_order":0,"comment_status":"closed","ping_status":"closed","template":"","meta":{"footnotes":""},"class_list":["post-54","page","type-page","status-publish","hentry"],"_links":{"self":[{"href":"https:\/\/agropecuariadoreino.com.br\/index.php?rest_route=\/wp\/v2\/pages\/54","targetHints":{"allow":["GET"]}}],"collection":[{"href":"https:\/\/agropecuariadoreino.com.br\/index.php?rest_route=\/wp\/v2\/pages"}],"about":[{"href":"https:\/\/agropecuariadoreino.com.br\/index.php?rest_route=\/wp\/v2\/types\/page"}],"author":[{"embeddable":true,"href":"https:\/\/agropecuariadoreino.com.br\/index.php?rest_route=\/wp\/v2\/users\/1"}],"replies":[{"embeddable":true,"href":"https:\/\/agropecuariadoreino.com.br\/index.php?rest_route=%2Fwp%2Fv2%2Fcomments&post=54"}],"version-history":[{"count":7,"href":"https:\/\/agropecuariadoreino.com.br\/index.php?rest_route=\/wp\/v2\/pages\/54\/revisions"}],"predecessor-version":[{"id":157,"href":"https:\/\/agropecuariadoreino.com.br\/index.php?rest_route=\/wp\/v2\/pages\/54\/revisions\/157"}],"wp:attachment":[{"href":"https:\/\/agropecuariadoreino.com.br\/index.php?rest_route=%2Fwp%2Fv2%2Fmedia&parent=54"}],"curies":[{"name":"wp","href":"https:\/\/api.w.org\/{rel}","templated":true}]}}